{"id":124,"date":"2025-04-11T15:49:07","date_gmt":"2025-04-11T15:49:07","guid":{"rendered":"https:\/\/bolyai.ro\/olimpiasz-magyar\/?page_id=124"},"modified":"2025-04-23T05:46:33","modified_gmt":"2025-04-23T05:46:33","slug":"irok-koltok-vasarhelyen","status":"publish","type":"page","link":"https:\/\/bolyai.ro\/olimpiasz\/magyar\/irok-koltok-vasarhelyen\/","title":{"rendered":"\u00cdr\u00f3k, k\u00f6lt\u0151k V\u00e1s\u00e1rhelyen"},"content":{"rendered":"\n<h2 class=\"wp-block-heading\">\u00cdr\u00f3k, k\u00f6lt\u0151k V\u00e1s\u00e1rhelyen<\/h2>\n<div style=\"width: 100%;\"><div style=\"position: relative; padding-bottom: 56.25%; padding-top: 0; height: 0;\"><iframe loading=\"lazy\" title=\"Marosv\u00e1s\u00e1rhely id\u0151vonal\" frameborder=\"0\" width=\"1200\" height=\"675\" style=\"position: absolute; top: 0; left: 0; width: 100%; height: 100%;\" src=\"https:\/\/view.genially.com\/67fd331753dda3f8309c28f5\" type=\"text\/html\" allowscriptaccess=\"always\" allowfullscreen=\"true\" scrolling=\"yes\" allownetworking=\"all\"><\/iframe>\u00a0<\/div>\u00a0<\/div>\n","protected":false},"excerpt":{"rendered":"<p>\u00cdr\u00f3k, k\u00f6lt\u0151k V\u00e1s\u00e1rhelyen \u00a0 \u00a0<\/p>\n","protected":false},"author":2,"featured_media":0,"parent":0,"menu_order":0,"comment_status":"closed","ping_status":"closed","template":"","meta":{"_kad_blocks_custom_css":"","_kad_blocks_head_custom_js":"","_kad_blocks_body_custom_js":"","_kad_blocks_footer_custom_js":"","_kadence_starter_templates_imported_post":false,"_kad_post_transparent":"","_kad_post_title":"","_kad_post_layout":"","_kad_post_sidebar_id":"","_kad_post_content_style":"","_kad_post_vertical_padding":"","_kad_post_feature":"","_kad_post_feature_position":"","_kad_post_header":false,"_kad_post_footer":false,"footnotes":""},"class_list":["post-124","page","type-page","status-publish","hentry"],"taxonomy_info":[],"featured_image_src_large":false,"author_info":{"display_name":"T\u00fcnde","author_link":"https:\/\/bolyai.ro\/olimpiasz\/magyar\/author\/tunde\/"},"comment_info":0,"_links":{"self":[{"href":"https:\/\/bolyai.ro\/olimpiasz\/magyar\/wp-json\/wp\/v2\/pages\/124","targetHints":{"allow":["GET"]}}],"collection":[{"href":"https:\/\/bolyai.ro\/olimpiasz\/magyar\/wp-json\/wp\/v2\/pages"}],"about":[{"href":"https:\/\/bolyai.ro\/olimpiasz\/magyar\/wp-json\/wp\/v2\/types\/page"}],"author":[{"embeddable":true,"href":"https:\/\/bolyai.ro\/olimpiasz\/magyar\/wp-json\/wp\/v2\/users\/2"}],"replies":[{"embeddable":true,"href":"https:\/\/bolyai.ro\/olimpiasz\/magyar\/wp-json\/wp\/v2\/comments?post=124"}],"version-history":[{"count":3,"href":"https:\/\/bolyai.ro\/olimpiasz\/magyar\/wp-json\/wp\/v2\/pages\/124\/revisions"}],"predecessor-version":[{"id":444,"href":"https:\/\/bolyai.ro\/olimpiasz\/magyar\/wp-json\/wp\/v2\/pages\/124\/revisions\/444"}],"wp:attachment":[{"href":"https:\/\/bolyai.ro\/olimpiasz\/magyar\/wp-json\/wp\/v2\/media?parent=124"}],"curies":[{"name":"wp","href":"https:\/\/api.w.org\/{rel}","templated":true}]}}