{"id":2,"date":"2025-04-04T05:37:33","date_gmt":"2025-04-04T05:37:33","guid":{"rendered":"https:\/\/bolyai.ro\/olimpiasz-magyar\/?page_id=2"},"modified":"2025-05-02T07:25:06","modified_gmt":"2025-05-02T07:25:06","slug":"sample-page","status":"publish","type":"page","link":"https:\/\/bolyai.ro\/olimpiasz\/matek\/sample-page\/","title":{"rendered":"Szab\u00e1lyzat"},"content":{"rendered":"\n<h2 class=\"wp-block-heading has-text-align-center has-medium-font-size\"><strong>A 2025-\u00f6s <em>Nemzetk\u00f6zi Magyar Matematikaverseny (5\u20138. oszt\u00e1ly)<\/em> szervez\u00e9s\u00e9re \u00e9s lebonyol\u00edt\u00e1s\u00e1ra vonatkoz\u00f3<\/strong> <\/h2>\n\n\n\n<p class=\"has-text-align-center has-medium-font-size\"><strong>SZAB\u00c1LYZAT<\/strong><\/p>\n\n\n\n<div data-wp-interactive=\"core\/file\" class=\"wp-block-file\"><object data-wp-bind--hidden=\"!state.hasPdfPreview\" hidden class=\"wp-block-file__embed\" data=\"https:\/\/bolyai.ro\/olimpiasz\/matek\/wp-content\/uploads\/2025\/05\/VII-NEMZETKOZI-MATEMATIKAVERSENY-5-8.-osztaly-2025-szabalyzat-_hun.pdf\" type=\"application\/pdf\" style=\"width:100%;height:600px\" aria-label=\"Embed of VII NEMZETKOZI MATEMATIKAVERSENY 5-8. osztaly-2025 szabalyzat-_hun.\"><\/object><a id=\"wp-block-file--media-a07878a9-7677-4b7e-9684-990e259e67ad\" href=\"https:\/\/bolyai.ro\/olimpiasz\/matek\/wp-content\/uploads\/2025\/05\/VII-NEMZETKOZI-MATEMATIKAVERSENY-5-8.-osztaly-2025-szabalyzat-_hun.pdf\">VII NEMZETKOZI MATEMATIKAVERSENY 5-8. osztaly-2025 szabalyzat-_hun<\/a><a href=\"https:\/\/bolyai.ro\/olimpiasz\/matek\/wp-content\/uploads\/2025\/05\/VII-NEMZETKOZI-MATEMATIKAVERSENY-5-8.-osztaly-2025-szabalyzat-_hun.pdf\" class=\"wp-block-file__button wp-element-button\" download aria-describedby=\"wp-block-file--media-a07878a9-7677-4b7e-9684-990e259e67ad\">Download<\/a><\/div>\n","protected":false},"excerpt":{"rendered":"<p>A 2025-\u00f6s Nemzetk\u00f6zi Magyar Matematikaverseny (5\u20138. oszt\u00e1ly) szervez\u00e9s\u00e9re \u00e9s lebonyol\u00edt\u00e1s\u00e1ra vonatkoz\u00f3 SZAB\u00c1LYZAT<\/p>\n","protected":false},"author":1,"featured_media":0,"parent":0,"menu_order":0,"comment_status":"closed","ping_status":"open","template":"","meta":{"_kad_blocks_custom_css":"","_kad_blocks_head_custom_js":"","_kad_blocks_body_custom_js":"","_kad_blocks_footer_custom_js":"","_kadence_starter_templates_imported_post":false,"_kad_post_transparent":"","_kad_post_title":"","_kad_post_layout":"","_kad_post_sidebar_id":"","_kad_post_content_style":"","_kad_post_vertical_padding":"","_kad_post_feature":"","_kad_post_feature_position":"","_kad_post_header":false,"_kad_post_footer":false,"footnotes":""},"class_list":["post-2","page","type-page","status-publish","hentry"],"taxonomy_info":[],"featured_image_src_large":false,"author_info":{"display_name":"suport","author_link":"https:\/\/bolyai.ro\/olimpiasz\/matek\/author\/suport\/"},"comment_info":0,"_links":{"self":[{"href":"https:\/\/bolyai.ro\/olimpiasz\/matek\/wp-json\/wp\/v2\/pages\/2","targetHints":{"allow":["GET"]}}],"collection":[{"href":"https:\/\/bolyai.ro\/olimpiasz\/matek\/wp-json\/wp\/v2\/pages"}],"about":[{"href":"https:\/\/bolyai.ro\/olimpiasz\/matek\/wp-json\/wp\/v2\/types\/page"}],"author":[{"embeddable":true,"href":"https:\/\/bolyai.ro\/olimpiasz\/matek\/wp-json\/wp\/v2\/users\/1"}],"replies":[{"embeddable":true,"href":"https:\/\/bolyai.ro\/olimpiasz\/matek\/wp-json\/wp\/v2\/comments?post=2"}],"version-history":[{"count":5,"href":"https:\/\/bolyai.ro\/olimpiasz\/matek\/wp-json\/wp\/v2\/pages\/2\/revisions"}],"predecessor-version":[{"id":871,"href":"https:\/\/bolyai.ro\/olimpiasz\/matek\/wp-json\/wp\/v2\/pages\/2\/revisions\/871"}],"wp:attachment":[{"href":"https:\/\/bolyai.ro\/olimpiasz\/matek\/wp-json\/wp\/v2\/media?parent=2"}],"curies":[{"name":"wp","href":"https:\/\/api.w.org\/{rel}","templated":true}]}}